53?
3, 7, 29, 439
List the prime factors of 21871340.
2, 5, 163, 6709
What are the prime factors of 169955?
5, 19, 1789
List the prime factors of 1041474.
2, 3, 7, 137, 181
List the prime factors of 763423.
763423
List the prime factors of 22925757.
3, 317, 24107
What are the prime factors of 114614?
2, 17, 3371
What are the prime factors of 350796?
2, 3, 23, 31, 41
What are the prime factors of 1254987?
3, 53, 877
What are the prime factors of 173927?
13, 17, 787
What are the prime factors of 20408352?
2, 3, 212587
What are the prime factors of 26388349?
13, 2029873
List the prime factors of 7726916.
2, 1931729
What are the prime factors of 16160270?
2, 5, 7, 230861
List the prime factors of 116172.
2, 3, 7, 461
What are the prime factors of 7081694?
2, 269, 13163
List the prime factors of 44100.
2, 3, 5, 7
List the prime factors of 437759.
7, 23, 2719
What are the prime factors of 2125906?
2, 73, 14561
List the prime factors of 5567119.
5567119
List the prime factors of 2374197.
3, 7, 31, 521
List the prime factors of 149334.
2, 3, 24889
What are the prime factors of 328862?
2, 164431
List the prime factors of 1287836.
2, 11, 29269
List the prime factors of 555159.
3, 11, 16823
What are the prime factors of 16371027?
3, 19, 95737
List the prime factors of 39469.
29, 1361
What are the prime factors of 1105603?
1105603
List the prime factors of 3965324.
2, 11, 90121
What are the prime factors of 1762437?
3, 311, 1889
What are the prime factors of 36509293?
61, 83, 7211
What are the prime factors of 18239969?
11, 107, 15497
What are the prime factors of 311157?
3, 7, 11, 449
List the prime factors of 5399351.
5399351
What are the prime factors of 19142430?
2, 3, 5, 638081
List the prime factors of 3018305.
5, 223, 2707
List the prime factors of 58624.
2, 229
List the prime factors of 606393.
3, 37, 607
What are the prime factors of 30303?
3, 7, 13, 37
What are the prime factors of 423484?
2, 105871
List the prime factors of 18614.
2, 41, 227
List the prime factors of 2171132.
2, 542783
What are the prime factors of 547844?
2, 11, 12451
What are the prime factors of 197362?
2, 11, 8971
List the prime factors of 767471.
767471
What are the prime factors of 3139817?
43, 73019
What are the prime factors of 1294716?
2, 3, 23, 4691
What are the prime factors of 3288074?
2, 113, 14549
List the prime factors of 2380901.
17, 140053
What are the prime factors of 2944578?
2, 3, 7, 13, 5393
What are the prime factors of 45608?
2, 5701
List the prime factors of 2566633.
2566633
List the prime factors of 224124.
2, 3, 19, 983
What are the prime factors of 9124?
2, 2281
What are the prime factors of 106104?
2, 3, 4421
List the prime factors of 187258.
2, 93629
List the prime factors of 103136.
2, 11, 293
List the prime factors of 323115.
3, 5, 13, 1657
What are the prime factors of 14340907?
7, 223, 9187
What are the prime factors of 18319928?
2, 11, 409, 509
List the prime factors of 408237.
3, 41, 3319
What are the prime factors of 8292903?
3, 23, 31, 3877
What are the prime factors of 774937?
709, 1093
What are the prime factors of 129247?
307, 421
What are the prime factors of 11658440?
2, 5, 223, 1307
What are the prime factors of 25375474?
2, 41, 309457
List the prime factors of 452273.
103, 4391
List the prime factors of 1621668.
2, 3, 67, 2017
What are the prime factors of 170376?
2, 3, 31, 229
List the prime factors of 758034.
2, 3, 23, 1831
What are the prime factors of 5294373?
3, 7, 61, 4133
List the prime factors of 774778.
2, 23, 16843
List the prime factors of 54617.
54617
List the prime factors of 2553074.
2, 37, 34501
List the prime factors of 3976380.
2, 3, 5, 22091
What are the prime factors of 423367?
7, 31, 1951
What are the prime factors of 365200?
2, 5, 11, 83
List the prime factors of 2189291.
13, 83, 2029
List the prime factors of 97624.
2, 12203
What are the prime factors of 610039?
41, 14879
What are the prime factors of 3727808?
2, 7, 53, 157
List the prime factors of 299202.
2, 3, 47, 1061
List the prime factors of 4908911.
7, 383, 1831
List the prime factors of 119336.
2, 7, 2131
What are the prime factors of 838086?
2, 3, 139681
List the prime factors of 3649551.
3, 827, 1471
List the prime factors of 17240902.
2, 7, 89, 101, 137
What are the prime factors of 206231?
271, 761
What are the prime factors of 23167109?
7, 613, 5399
List the prime factors of 2340152.
2, 17, 17207
List the prime factors of 3054.
2, 3, 509
What are the prime factors of 1110550?
2, 5, 7, 19, 167
List the prime factors of 16592775.
3, 5, 23, 9619
What are the prime factors of 1936039?
7, 39511
List the prime factors of 17157983.
17157983
List the prime factors of 6609882.
2, 3, 31, 35537
What are the prime factors of 223697?
223697
What are the prime factors of 1854290?
2, 5, 185429
List the prime factors of 2837290.
2, 5, 151, 1879
What are the prime factors of 447624?
2, 3, 6217
What are the prime factors of 997565?
5, 131, 1523
List the prime factors of 9600665.
5, 17, 179, 631
List the prime factors of 350029.
350029
List the prime factors of 7903768.
2, 987971
List the prime factors of 5350642.
2, 11, 107, 2273
List the prime factors of 1596075.
3, 5, 13, 1637
What are the prime factors of 948724?
2, 7, 31, 1093
List the prime factors of 555572.
2, 138893
List the prime factors of 1650204.
2, 3, 23, 1993
List the prime factors of 6038308.
2, 67, 22531
What are the prime factors of 1003129?
31, 32359
List the prime factors of 2654923.
137, 19379
What are the prime factors of 111937?
7, 15991
What are the prime factors of 16351952?
2, 281, 3637
List the prime factors of 341324.
2, 85331
What are the prime factors of 2111497?
2111497
What are the prime factors of 3700405?
5, 199, 3719
List the prime factors of 2448521.
131, 18691
List the prime factors of 364041.
3, 97, 139
List the prime factors of 9773757.
3, 7, 51713
List the prime factors of 2050286.
2, 7, 146449
List the prime factors of 566054.
2, 283027
What are the prime factors of 92432?
2, 53, 109
List the prime factors of 16878862.
2, 7, 11, 13, 8431
List the prime factors of 6026988.
2, 3, 11, 45659
List the prime factors of 32095750.
2, 5, 19, 29, 233
List the prime factors of 9346390.
2, 5, 934639
What are the prime factors of 752263?
752263
What are the prime factors of 1140122?
2, 17, 33533
List the prime factors of 3034918.
2, 499, 3041
List the prime factors of 2515250.
2, 5, 10061
What are the prime factors of 11220523?
61, 183943
List the prime factors of 18775.
5, 751
What are the prime factors of 1494376?
2, 13, 14369
List the prime factors of 6841696.
2, 47, 4549
What are the prime factors of 20543736?
2, 3, 855989
What are the prime factors of 1125380?
2, 5, 56269
What are the prime factors of 14397049?
14397049
List the prime factors of 1047463.
71, 14753
What are the prime factors of 89809?
89809
List the prime factors of 10623237.
3, 3541079
List the prime factors of 4456782.
2, 3, 11, 41, 61
What are the prime factors of 245598?
2, 3, 40933
List the prime factors of 3810304.
2, 61
What are the prime factors of 417898?
2, 13, 16073
What are the prime factors of 7695?
3, 5, 19
List the prime factors of 9402616.
2, 271, 4337
What are the prime factors of 1313345?
5, 11, 23879
What are the prime factors of 12769?
113
What are the prime factors of 5228780?
2, 5, 261439
List the prime factors of 11388008.
2, 37, 79, 487
What are the prime factors of 192302?
2, 11, 8741
What are the prime factors of 261439?
261439
List the prime factors of 3013131.
3, 11, 17, 41, 131
List the prime factors of 11988376.
2, 103, 14549
List the prime factors of 8833.
11, 73
What are the prime factors of 13419659?
11, 97, 12577
List the prime factors of 21394854.
2, 3, 13, 10159
What are the prime factors of 3003184?
2, 187699
What are the prime factors of 408814?
2, 7, 29201
List the prime factors of 1304366.
2, 7, 93169
List the prime factors of 13262447.
11, 43, 2549
List the prime factors of 214014.
2, 3, 53, 673
What are the prime factors of 344129?
43, 53, 151
List the prime factors of 18626941.
23, 197, 4111
What are the prime factors of 911146?
2, 455573
List the prime factors of 537237.
3, 59693
List the prime factors of 29002292.
2, 11, 383, 1721
What are the prime factors of 486466?
2, 